te the greatest common factor of 429000 and 7125.
375
What is the greatest common divisor of 4176 and 4160688?
1392
Calculate the highest common divisor of 288 and 318496.
32
Calculate the greatest common divisor of 3534380 and 6460.
380
What is the greatest common factor of 8788516 and 308?
44
What is the highest common divisor of 759501883 and 5446?
2723
What is the highest common divisor of 22084038 and 90?
18
Calculate the greatest common divisor of 406 and 52026348.
58
What is the highest common divisor of 4611 and 340247227?
1537
Calculate the greatest common factor of 300675093 and 3.
3
Calculate the highest common factor of 116 and 5672197.
29
Calculate the highest common divisor of 426 and 15909893.
71
What is the greatest common factor of 172 and 114772676?
172
What is the greatest common factor of 186593721 and 2005?
401
Calculate the greatest common divisor of 26784 and 558288.
144
Calculate the greatest common divisor of 201679384 and 283.
283
What is the greatest common factor of 42659 and 81055?
29
Calculate the highest common divisor of 1766656 and 194464.
3296
What is the highest common divisor of 6034943 and 320175?
1423
Calculate the greatest common divisor of 5445 and 4298283.
1089
What is the highest common divisor of 52677141 and 33?
33
What is the highest common divisor of 1500 and 387904200?
300
Calculate the greatest common factor of 9313394 and 298.
298
Calculate the greatest common factor of 640 and 807340.
20
What is the highest common factor of 2705 and 3488973920?
2705
What is the greatest common factor of 247404 and 1371852?
636
Calculate the greatest common factor of 2640 and 7527630.
330
What is the greatest common divisor of 16907 and 7254379?
319
What is the highest common factor of 115447 and 2?
1
What is the highest common factor of 8536 and 11103224?
88
Calculate the highest common divisor of 118 and 517745414.
118
What is the highest common divisor of 296 and 10050643?
37
What is the greatest common divisor of 2480 and 47713030?
310
Calculate the greatest common divisor of 103416960 and 46360.
2440
What is the greatest common divisor of 9299046 and 2472?
618
What is the highest common factor of 88872 and 273232?
8
Calculate the highest common factor of 23999108 and 134932.
1708
What is the greatest common divisor of 71731 and 957?
11
What is the greatest common divisor of 4626313184 and 1696?
1696
What is the greatest common divisor of 794241 and 63?
63
Calculate the greatest common factor of 133114458 and 7902.
2634
Calculate the highest common factor of 70 and 16816996.
14
What is the greatest common factor of 1947 and 306806844?
177
Calculate the highest common factor of 108230 and 646640.
1370
What is the greatest common divisor of 22930351 and 163?
163
Calculate the highest common divisor of 1170 and 786564.
18
What is the highest common factor of 314601812 and 140?
28
Calculate the greatest common factor of 115820 and 11140.
20
Calculate the highest common factor of 2972517730 and 910.
910
What is the greatest common factor of 192660 and 3543085?
845
What is the greatest common factor of 937 and 34709291?
937
What is the greatest common divisor of 7312 and 513964136?
3656
Calculate the greatest common divisor of 418118 and 82.
82
What is the greatest common divisor of 629208 and 1870776?
648
Calculate the greatest common divisor of 486 and 7055856.
54
Calculate the greatest common divisor of 5257031 and 104.
13
Calculate the greatest common factor of 1753 and 77356384.
1753
What is the greatest common divisor of 15372 and 337017924?
2196
What is the highest common factor of 7061 and 1737313?
307
Calculate the highest common divisor of 1503 and 950517.
9
What is the highest common factor of 1228560 and 22080?
240
What is the highest common factor of 24665130 and 680?
170
What is the greatest common factor of 183603616 and 24?
8
Calculate the greatest common factor of 194404 and 2884.
28
What is the greatest common factor of 44368467 and 429?
429
What is the highest common factor of 117 and 93178332?
117
What is the greatest common factor of 32 and 5742728?
8
Calculate the greatest common divisor of 543970 and 19814005.
2045
What is the greatest common factor of 490 and 8570?
10
Calculate the highest common factor of 80546 and 85490.
206
What is the highest common divisor of 2151850 and 1850?
50
What is the greatest common factor of 1526 and 816494693?
763
Calculate the highest common divisor of 200475 and 17145.
135
What is the highest common factor of 1137115 and 207760?
1855
What is the greatest common divisor of 152 and 688598?
38
What is the greatest common divisor of 40524 and 70836?
12
What is the highest common divisor of 102467442 and 55512?
1542
What is the highest common factor of 461964168 and 326?
326
Calculate the greatest common factor of 38469299 and 176.
11
What is the greatest common factor of 140925719 and 7766?
3883
Calculate the greatest common divisor of 10990624 and 416.
32
Calculate the greatest common divisor of 117512 and 6627736.
296
Calculate the greatest common divisor of 12241813 and 3817.
347
What is the greatest common factor of 305239096 and 492?
164
Calculate the highest common divisor of 3364130 and 11822.
514
What is the highest common factor of 42045889 and 93?
31
What is the highest common factor of 574954 and 127576?
862
Calculate the highest common factor of 163728 and 184.
8
What is the greatest common divisor of 64080045 and 60?
15
Calculate the greatest common factor of 14032 and 776.
8
Calculate the highest common factor of 2028 and 12302524.
676
Calculate the highest common factor of 44674 and 286538.
14
Calculate the highest common divisor of 1000903 and 657.
73
What is the highest common factor of 126 and 9226998?
18
Calculate the highest common factor of 30317772 and 156.
12
Calculate the greatest common divisor of 41998 and 1636404.
506
Calculate the highest common divisor of 2631513526 and 7442.
7442
Calculate the greatest common factor of 30611 and 266.
7
Calculate the highest common divisor of 19758 and 707514.
222
Calculate the highest common divisor of 540 and 17300844.
108
Calculate the greatest common divisor of 1945 and 228370230.
1945
What is the highest common factor of 44352 and 9485?
7
What is the greatest common divisor of 313482 and 6747?
39
Calculate the highest common divisor of 145379 and 3535727.
2743
Calculate the highest common factor of 5317038 and 979.
89
What is the highest common divisor of 206826120 and 207?
207
Calculate the highest common divisor of 1099 and 1765700657.
1099
Calculate the greatest common divisor of 695083 and 771600.
643
What is the highest common factor of 256 and 47829504?
256
Calculate the greatest common factor of 271272 and 9525.
381
What is the highest common divisor of 46927282 and 601?
601
Calculate the greatest common factor of 14966 and 63434.
14
What is the highest common divisor of 8159809 and 3913?
301
What is the greatest common factor of 52 and 1865214?
26
What is the highest common factor of 654146 and 408054?
94
What is the highest common divisor of 98 and 1201396?
14
What is the greatest common factor of 1767 and 17447947?
589
What is the greatest common divisor of 51539456 and 86?
86
What is the highest common factor of 209843464 and 584?
584
Calculate the greatest common factor of 6780 and 213244560.
6780
What is the highest common divisor of 1309548 and 366000?
732
What is the greatest common divisor of 309643 and 1848871?
817
Calculate the greatest common factor of 29510 and 1396460.
130
Calculate the highest common divisor of 12 and 2239460.
4
What is the highest common divisor of 9044780 and 160?
20
What is the greatest common factor of 2448 and 2422643616?
2448
Calculate the highest common factor of 1444 and 8288921.
361
Calculate the highest common factor of 7355753 and 2439.
271
Calculate the greatest common factor of 86324 and 20496.
28
Calculate the greatest common divisor of 140302 and 7198.
118
What is the highest common divisor of 383801 and 161172?
407
What is the highest common divisor of 4110046732 and 11?
11
Calculate the highest common divisor of 354795577 and 1509.
503
Calculate the greatest common divisor of 1666 and 7966910.
98
Calculate the highest common divisor o